site?
False
Is 1042291 composite?
True
Is 250103 composite?
True
Is 167897221 prime?
True
Is 1332217 prime?
True
Is 21025051 prime?
True
Is 307302913 composite?
True
Is 586805 a composite number?
True
Is 58676509 prime?
True
Is 6842861 composite?
False
Is 62835389 a prime number?
True
Is 706337 prime?
True
Is 36453367 prime?
False
Is 66914069 a prime number?
False
Is 14190773 composite?
True
Is 14298821 prime?
True
Is 19923151 prime?
True
Is 47281613 a composite number?
False
Is 1430573 a composite number?
True
Is 846948749 composite?
False
Is 294233 composite?
True
Is 11153014 a composite number?
True
Is 35494813 composite?
True
Is 5947847 a prime number?
True
Is 22281139 a composite number?
True
Is 62827685 a composite number?
True
Is 64135117 prime?
True
Is 449077 composite?
False
Is 38669221 a composite number?
False
Is 147113947 a prime number?
False
Is 159968065 composite?
True
Is 7833461 prime?
True
Is 476963 prime?
False
Is 84267203 composite?
False
Is 64405513 composite?
False
Is 3778309 prime?
False
Is 80528077 a prime number?
False
Is 12431009 a prime number?
False
Is 14890877 a prime number?
False
Is 2371249 a prime number?
False
Is 16483979 a composite number?
False
Is 599743 a prime number?
False
Is 16211599 composite?
False
Is 37362239 a composite number?
False
Is 514987141 a prime number?
False
Is 22001033 composite?
False
Is 38270017 a composite number?
True
Is 1075409 prime?
True
Is 727759 a composite number?
False
Is 24749453 a composite number?
True
Is 167635997 a prime number?
False
Is 99661946 a composite number?
True
Is 1164230699 a composite number?
True
Is 4955189 composite?
True
Is 2457397 prime?
True
Is 976621 prime?
True
Is 173624569 composite?
False
Is 9458003 a prime number?
False
Is 9629853 a prime number?
False
Is 242399 a prime number?
True
Is 9450811 prime?
True
Is 84648481 a prime number?
True
Is 4874915 a prime number?
False
Is 87182705 a composite number?
True
Is 3267155 composite?
True
Is 6203543 a prime number?
True
Is 126193787 a composite number?
False
Is 76987529 a composite number?
False
Is 11504963 composite?
True
Is 33099697 prime?
False
Is 39210673 composite?
True
Is 3517409 a prime number?
False
Is 1649811 a composite number?
True
Is 6414547 prime?
True
Is 12584671 prime?
False
Is 58159373 a composite number?
True
Is 45167489 composite?
True
Is 51283291 a composite number?
False
Is 3092509 prime?
False
Is 196583341 prime?
True
Is 52745591 composite?
False
Is 104116783 a composite number?
False
Is 255794641 prime?
False
Is 36258083 composite?
False
Is 549619445 prime?
False
Is 372012031 a composite number?
False
Is 350887643 prime?
False
Is 322169 a composite number?
False
Is 13723399 composite?
False
Is 21080543 composite?
True
Is 37951231 composite?
True
Is 41263427 a prime number?
True
Is 45917227 a composite number?
True
Is 5253905 a composite number?
True
Is 62666297 prime?
False
Is 9912073 a prime number?
False
Is 18584611 a composite number?
False
Is 10611749 a composite number?
False
Is 3927047 a composite number?
False
Is 119946191 a prime number?
False
Is 29766131 a prime number?
True
Is 13678447 a composite number?
False
Is 74762189 prime?
True
Is 16341133 composite?
False
Is 14397697 prime?
False
Is 22683301 prime?
True
Is 28205147 prime?
True
Is 28712227 composite?
False
Is 202857461 composite?
False
Is 10781053 prime?
False
Is 38121113 prime?
True
Is 1188883 composite?
True
Is 2853577 a composite number?
False
Is 5823955 a composite number?
True
Is 2421943 a prime number?
True
Is 3648811 a composite number?
True
Is 19951207 a composite number?
True
Is 1688543 composite?
False
Is 15794197 prime?
False
Is 707809 a prime number?
False
Is 26424089 prime?
True
Is 38778283 prime?
False
Is 59461 a composite number?
True
Is 55086271 a composite number?
False
Is 36117677 composite?
False
Is 11536001 a composite number?
False
Is 72175003 composite?
True
Is 6711113 a composite number?
False
Is 63949 composite?
False
Is 579720293 prime?
False
Is 233877299 prime?
False
Is 140054927 a composite number?
True
Is 270459911 prime?
True
Is 598513411 a prime number?
False
Is 4298927 a prime number?
True
Is 3464845 a prime number?
False
Is 683681 prime?
True
Is 2670881 prime?
True
Is 52794221 prime?
True
Is 182333 composite?
False
Is 317673257 a composite number?
True
Is 15899747 composite?
False
Is 180794 prime?
False
Is 25874531 a prime number?
True
Is 60306173 a composite number?
False
Is 10619927 prime?
True
Is 460347 composite?
True
Is 30138011 composite?
False
Is 213437 composite?
True
Is 2530354 prime?
False
Is 16125049 a prime number?
True
Is 18343387 a prime number?
True
Is 32983045 a prime number?
False
Is 12004829 prime?
True
Is 8668339 a prime number?
False
Is 24191519 prime?
False
Is 13792731 a prime number?
False
Is 23067977 composite?
False
Is 54851947 a composite number?
False
Is 132158557 a composite number?
True
Is 560067401 composite?
True
Is 16162 composite?
True
Is 4970607 prime?
False
Is 171139253 composite?
False
Is 236386807 a composite number?
False
Is 537067 a prime number?
True
Is 7726346 prime?
False
Is 4867237 composite?
True
Is 8953057 a prime number?
True
Is 7501457 a prime number?
False
Is 49557 a prime number?
False
Is 3510149 a composite number?
True
Is 979691 composite?
False
Is 132121 a composite number?
True
Is 25917499 a prime number?
True
Is 38755187 composite?
False
Is 7129433 composite?
True
Is 17101433 prime?
True
Is 301137 composite?
True
Is 60875279 a prime number?
True
Is 710599 composite?
False
Is 77128761 a prime number?
False
Is 57004553 a composite number?
True
Is 101032033 a prime number?
True
Is 42528433 prime?
True
Is 13274357 a prime number?
True
Is 685493 a composite number?
False
Is 2081699 composite?
True
Is 1363027 a prime number?
True
Is 1018763 prime?
True
Is 3699517 a composite number?
False
Is 5177749 composite?
True
Is 16957357 a prime number?
True
Is 166015 prime?
False
Is 18826499 a prime number?
True
Is 754895 prime?
False
Is 62928287 a composite number?
False
Is 7227859 a composite number?
False
Is 298106131 a prime number?
True
Is 10918631 composite?
False
Is 365534243 prime?
True
Is 21665459 a composite number?
True
Is 200571311 a composite number?
False
Is 63197707 composite?
False
Is 35559521 a composite number?
True
Is 4377799 prime?
True
Is 107267323 a composite number?
False
Is 165170927 a prime number?
False
Is 581919035 composite?
True
Is 105485162 a composite number?
True
Is 22967099 prime?
True
Is 1789717 prime?
False
Is 58463017 a composite number?
True
Is 354509 composite?
True
Is 10930789 prime?
False
Is 6330329 composite?
False
Is 1695823 composite?
False
Is 23123363 a composite number?
False
Is 172092161 a composite number?
True
Is 71419 prime?
True
Is 304094251 prime?
True
Is 5848379 composite?
False
Is 3591721 a composite number?
True
Is 145107607 a composite number?
False
Is 4122827 prime?
True
Is 683395859 a composite number?
False
Is 1767347 a prime number?
False
Is 7968539 prime?
True
Is 8347957 a composite number?
False
Is 9575121 a composite number?
True
Is 773179 composite?
True
Is 495106049 a prime number?
True
Is 25741717 composite?
False
Is 172905347 composite?
True
Is 1889167231 a composite number?
True
Is 1030896877 prime?
True
Is 16082249 a prime number?
False
Is 15365983 a prime number?
False
Is 492461 a prime number?
False
Is 1627313 a prime number?
False
Is 35026879 prime?
False
Is 12540937 composite?
False
Is 4407451 a prime number?
False
Is 1904849 a prime number?
True
Is 51871783 a composite number?
True
Is 148378897 a prime number?
True
Is 102746821 prime?
True
Is 15764785 composite?
True
Is 12097901 a prime number?
False
Is 4704701 a composite number?
True
Is 831301 composite?
False
Is 4595557 composite?
True
Is 1956997 prime?
False
Is 62124761 a composite number?
False
Is 7039763 composite?
False
Is 22181701 prime?
True
Is 136079 prime?
False
Is 273732397 prime?
True
Is 1017253 a prime number?
False
Is 155700439 prime?
True
Is 375569 a composite number?
False
Is 196940501 a composite number?
True
Is 1827569 composite?
True
Is 524149 a composite number?
False
Is 55681069 prime?
False
Is 578739251 composite?
False
Is 769486943 prime?
False
Is 198402703 prime?
True
Is 19823834 prime?
False
Is 163353